 common factor of 12 and 573?
3
What is the highest common factor of 2688 and 240?
48
What is the greatest common factor of 35736 and 24?
24
What is the highest common factor of 43 and 387?
43
What is the greatest common divisor of 832 and 13?
13
Calculate the greatest common divisor of 2450 and 98.
98
What is the highest common divisor of 481 and 195?
13
What is the highest common divisor of 2047 and 23?
23
What is the highest common divisor of 350 and 40?
10
Calculate the highest common factor of 508 and 124.
4
What is the greatest common factor of 28 and 32?
4
Calculate the greatest common divisor of 812 and 6380.
116
What is the greatest common divisor of 90 and 390?
30
Calculate the greatest common divisor of 53 and 6413.
53
Calculate the greatest common factor of 1898 and 52.
26
What is the greatest common factor of 11671 and 11?
11
What is the greatest common factor of 27 and 96?
3
Calculate the greatest common divisor of 3337 and 47.
47
Calculate the greatest common factor of 10580 and 20.
20
Calculate the greatest common factor of 54 and 2619.
27
What is the greatest common factor of 512 and 16?
16
What is the greatest common divisor of 182 and 14?
14
Calculate the greatest common factor of 13 and 7397.
13
What is the highest common factor of 5796 and 140?
28
What is the greatest common divisor of 3531 and 33?
33
Calculate the greatest common factor of 713 and 1550.
31
What is the highest common factor of 10090 and 20?
10
What is the highest common divisor of 1815 and 30?
15
What is the highest common factor of 84 and 12?
12
Calculate the highest common divisor of 64 and 72.
8
Calculate the highest common divisor of 168 and 126.
42
Calculate the highest common divisor of 2 and 88.
2
Calculate the highest common factor of 312 and 2067.
39
Calculate the greatest common factor of 319 and 99.
11
What is the greatest common divisor of 144 and 5004?
36
Calculate the highest common divisor of 149 and 19519.
149
What is the greatest common divisor of 43 and 344?
43
What is the highest common factor of 32 and 2592?
32
What is the greatest common factor of 208 and 46072?
104
Calculate the greatest common divisor of 1170 and 90.
90
What is the greatest common factor of 186 and 6386?
62
What is the highest common divisor of 70 and 70?
70
What is the greatest common factor of 42 and 546?
42
What is the greatest common factor of 60 and 220?
20
Calculate the greatest common divisor of 86 and 1333.
43
Calculate the highest common factor of 13 and 130.
13
What is the greatest common factor of 42 and 700?
14
Calculate the greatest common divisor of 2057 and 34.
17
Calculate the greatest common factor of 118 and 5782.
118
Calculate the highest common divisor of 300 and 264.
12
Calculate the greatest common factor of 16 and 64.
16
What is the greatest common divisor of 45 and 80?
5
What is the highest common divisor of 38480 and 260?
260
Calculate the greatest common divisor of 109 and 218.
109
What is the greatest common factor of 2324 and 140?
28
What is the greatest common factor of 138 and 2553?
69
What is the highest common factor of 56 and 356?
4
What is the greatest common divisor of 609 and 348?
87
What is the highest common factor of 100 and 6725?
25
What is the greatest common factor of 154 and 9394?
154
What is the highest common divisor of 111 and 5069?
37
Calculate the greatest common divisor of 10 and 1.
1
Calculate the highest common divisor of 207 and 8418.
69
What is the highest common factor of 13 and 611?
13
What is the greatest common factor of 2014 and 106?
106
What is the greatest common factor of 2828 and 1?
1
What is the highest common divisor of 1110 and 210?
30
Calculate the highest common factor of 29 and 2378.
29
Calculate the highest common factor of 22 and 737.
11
What is the highest common factor of 232 and 8?
8
What is the greatest common divisor of 805 and 28?
7
Calculate the greatest common factor of 54 and 1971.
27
What is the highest common factor of 44 and 12?
4
Calculate the highest common divisor of 1095 and 73.
73
What is the highest common factor of 5151 and 51?
51
What is the greatest common factor of 99 and 88?
11
Calculate the highest common divisor of 870 and 261.
87
What is the highest common factor of 20 and 2572?
4
What is the greatest common factor of 247 and 65?
13
Calculate the highest common factor of 74820 and 5.
5
Calculate the highest common factor of 66 and 330.
66
Calculate the highest common factor of 63 and 27.
9
What is the highest common divisor of 189 and 21?
21
What is the greatest common divisor of 21 and 6447?
21
What is the greatest common factor of 3848 and 104?
104
What is the greatest common factor of 2540 and 140?
20
What is the highest common divisor of 220 and 11?
11
What is the highest common factor of 58799 and 13?
13
Calculate the highest common factor of 2 and 26.
2
Calculate the highest common divisor of 42 and 294.
42
Calculate the highest common factor of 140 and 60.
20
What is the highest common divisor of 25636 and 174?
58
What is the greatest common divisor of 51192 and 432?
216
What is the highest common divisor of 3410 and 275?
55
Calculate the highest common factor of 63 and 996.
3
Calculate the greatest common factor of 72 and 44.
4
What is the greatest common divisor of 1540 and 140?
140
Calculate the greatest common divisor of 13 and 286.
13
What is the greatest common divisor of 14 and 63182?
14
What is the highest common divisor of 80 and 260?
20
Calculate the greatest common divisor of 7544 and 184.
184
Calculate the greatest common divisor of 28 and 1351.
7
Calculate the greatest common divisor of 200 and 700.
100
Calculate the greatest common divisor of 14 and 399.
7
Calculate the highest common divisor of 8 and 3368.
8
What is the greatest common divisor of 58 and 1798?
58
What is the greatest common divisor of 7170 and 10?
10
Calculate the greatest common divisor of 56 and 2632.
56
Calculate the greatest common factor of 124 and 527.
31
What is the greatest common divisor of 45 and 9?
9
What is the highest common factor of 1053 and 39?
39
Calculate the greatest common divisor of 20 and 540.
20
What is the highest common factor of 159 and 6943?
53
Calculate the greatest common divisor of 1080 and 4185.
135
Calculate the greatest common factor of 1139 and 134.
67
What is the highest common divisor of 237 and 79?
79
What is the greatest common factor of 16 and 72?
8
Calculate the highest common divisor of 50 and 160.
10
What is the highest common factor of 69 and 11730?
69
What is the highest common divisor of 234 and 90?
18
Calculate the greatest common factor of 1870 and 110.
110
What is the greatest common divisor of 34 and 8?
2
Calculate the highest common divisor of 111 and 37.
37
Calculate the greatest common factor of 66 and 39.
3
Calculate the highest common divisor of 700 and 150.
50
Calculate the highest common divisor of 800 and 550.
50
What is the greatest common divisor of 6070 and 20?
10
What is the greatest common factor of 10 and 1660?
10
What is the greatest common divisor of 40 and 420?
20
Calculate the highest common factor of 338 and 4.
2
What is the greatest common factor of 34755 and 105?
105
What is the greatest common factor of 21892 and 52?
52
Calculate the greatest common divisor of 48 and 29360.
16
What is the highest common divisor of 12801 and 561?
51
Calculate the highest common divisor of 282 and 1081.
47
Calculate the greatest common factor of 18 and 36.
18
Calculate the highest common factor of 9 and 25749.
9
Calculate the highest common factor of 23483 and 23.
23
Calculate the highest common factor of 34 and 54.
2
What is the greatest common divisor of 9912 and 105?
21
What is the greatest common divisor of 425 and 25?
25
Calculate the greatest common divisor of 513 and 95.
19
What is the greatest common divisor of 66 and 682?
22
What is the greatest common factor of 67 and 335?
67
What is the highest common factor of 81 and 1863?
81
What is the highest common divisor of 1364 and 868?
124
Calculate the highest common divisor of 322 and 224.
14
What is the greatest common factor of 1311 and 6?
3
What is the greatest common factor of 28 and 4494?
14
Calculate the highest common divisor of 2 and 38.
2
Calculate the highest commo